8*s**2 + 7*s + 3. Let o be v(-9). Let u = 29 + -40. Let p = u + o. What are the prime factors of p?
2, 5
Suppose 0 = 4*p - u + 66, 4*p - u + 72 = -3*u. Let r be 2/5 - (-414)/15. Let j = p + r. What are the prime factors of j?
11
What are the prime factors of (-9)/(-4)*(-72)/(-27)?
2, 3
Suppose -2*m = -5*m. Suppose -5*f + m*f - 10 = 0. List the prime factors of (8/f)/(-2) - 0.
2
Let h be 3/3 + -1 + -8. Let x = h + 11. List the prime factors of x.
3
Let j be -155*(18/15)/3. Let g = -35 - j. What are the prime factors of g?
3
Let g be (-2)/(-4) - 21/(-14). Let j(n) = 8*n - 1. What are the prime factors of j(g)?
3, 5
Let c = 4 - -97. List the prime factors of c.
101
Let g be (-6)/27 + (-47)/(-9). Suppose 34 = 4*w - x, -2*x = -g*w + 3*x + 35. List the prime factors of w.
3
Let r(w) = -w. Let y be r(2). Let h be 1/(-6)*y*-3. List the prime factors of h/6 + 86/12.
7
Suppose -3*l - b + 4 = 0, -6*l + 2*l - 4*b = 0. Suppose -5*g + 15 = 0, -l*g = 5*n - 66 + 5. List the prime factors of n.
11
Let o = -12 + 19. List the prime factors of o.
7
Let d be (-12 + 2)*(-2 - 0). Let l be 105/d - 1/4. Suppose l*b - 7 - 3 = 0. What are the prime factors of b?
2
Suppose 192 = 3*f + 42. What are the prime factors of f?
2, 5
What are the prime factors of (-10)/2*106/(-10)*2?
2, 53
Let v be (4/(-3))/((-14)/21). Suppose -2*g = u - g - 31, -v*u = 3*g - 65. What are the prime factors of u?
2, 7
Let c = -8 - -25. Let x = -14 - -7. Let f = c + x. What are the prime factors of f?
2, 5
Let v(y) = -y**2 - y + 48. List the prime factors of v(0).
2, 3
Suppose -3*h + 5*h = 204. Suppose 22 = -4*c + h. List the prime factors of c.
2, 5
Suppose -2*t = 4*t - 534. List the prime factors of t.
89
Let k(v) = -11*v - 1. Suppose -9 = 5*a - 2*f, 2*a = -a - 4*f + 5. List the prime factors of k(a).
2, 5
Suppose 4*c - 20 = -5*r, 0 = 3*c + c. Let y = 4 - r. Suppose 2*s - 20 = -y*s. What are the prime factors of s?
2, 5
Suppose 4*r - 15 = r - w, 3*r - 3*w - 3 = 0. What are the prime factors of r?
2
Let v be ((-32)/(-10))/((-4)/(-20)). Let z = 32 - v. List the prime factors of z.
2
List the prime factors of -1 - -42 - 4/6*-6.
3, 5
Suppose 58 + 2 = 3*p. List the prime factors of (-1 - -4) + 0 + p.
23
Let m(w) = w**2 - 13*w + 10. Let z be m(12). List the prime factors of 1/z + 217/14.
3, 5
Suppose 0*t + 2*t = -4*q + 70, -2*q = -4. What are the prime factors of t?
31
Let h(s) = 20*s**2 - 3*s + 1. List the prime factors of h(2).
3, 5
Suppose -14*n + 85 = -9*n. List the prime factors of n.
17
Suppose -256 = -5*t + 179. List the prime factors of t.
3, 29
Let a(j) = -j**2 - 5*j + 6. Suppose -2*h = 4*s + 30, s = 2*h - 7*h - 21. Let m be a(s). Let n(i) = i**2 + 9. List the prime factors of n(m).
3
Suppose -2*n = 4*i - 66, 4*i + 0*i = -4*n + 64. Suppose -4*r + 3*q + 31 = 4, -r - i = 4*q. List the prime factors of r.
3
Let f be ((-33)/(-6) + -2)*-2. Let u = -5 - f. Suppose 0 = -2*n + 4*j + 24, 0 = -3*n - 4*j - 12 - u. List the prime factors of n.
2
Suppose 2*n - 3*n + 11 = 0. Let m = n + 19. List the prime factors of m.
2, 3, 5
Suppose 4*w - 80 = 240. List the prime factors of w.
2, 5
Suppose 2*m - 3 = 25. List the prime factors of m.
2, 7
Let t = -76 - -235. What are the prime factors of t?
3, 53
Let z = 105 + 10. What are the prime factors of z?
5, 23
Let x(w) = w**3 + 9*w**2 + 15*w + 9. List the prime factors of x(-6).
3
Suppose 6*b = b. Suppose j = -j - 3*x + 41, b = -j - 4*x + 28. List the prime factors of j.
2
Let t(o) = o**2 + 9*o - 2. Let x be t(-7). Let p = x - -32. List the prime factors of p.
2
Suppose 2*z + z = 48. Suppose -3*b + z = 2*b - 3*t, 4*b = -2*t + 4. List the prime factors of 24/3 + 0/b.
2
Let d be (1 + 17)/3 - 1. Let c(o) = o + 1. What are the prime factors of c(d)?
2, 3
Let l(y) be the third derivative of y**4/6 + y**2. Let f be l(1). Suppose f*i + 1 = -b - 0*b, 4*b - 3*i - 34 = 0. List the prime factors of b.
7
Let q(o) = 5 - 1 - 2 - 9*o + 0. What are the prime factors of q(-2)?
2, 5
Suppose -4 = f - m, 0*f = f - 3*m + 12. What are the prime factors of -3 - -6 - f - -3?
2, 3
Suppose -2*o = -6*o + 448. List the prime factors of o.
2, 7
Let i(h) = -h**2 + 0*h**2 + 2*h**2 + 16 - 19. Let g(v) = v**2 - 4. Let r be g(0). List the prime factors of i(r).
13
Let n = -9 - -3. Let c be ((-4)/n)/(1/(-3)). List the prime factors of -1 - -4*(0 - c).
7
Let a = 188 + -87. List the prime factors of a.
101
Let d(q) = -4*q + 6*q - q + 7*q. Let u be d(1). Suppose 0 = -3*m + 4 + u. List the prime factors of m.
2
Let b(v) = -2*v - 8. Let c be b(-7). What are the prime factors of (-2)/c - (-52)/3?
17
Let i = 142 + -85. What are the prime factors of i?
3, 19
Let f(l) = l**3 - 16*l**2 + 4*l - 22. List the prime factors of f(16).
2, 3, 7
Suppose -4*r = -r. Suppose 3 = t - 2*k, r = -2*t + 3*k + 10 - 0. List the prime factors of t.
11
Suppose -6*r + 10 = -2. What are the prime factors of r?
2
Let l be 0 + -2 - 5*-1. Suppose 2*t = 15 + l. Suppose -s = -t - 0. List the prime factors of s.
3
Let a(q) = -q**3 + 6*q**2 + 10*q - 3. What are the prime factors of a(7)?
2, 3
Suppose 0 = 2*t - 4*x - 168, -5*t + 121 = -4*x - 311. List the prime factors of t.
2, 11
Suppose 3*j - 4 - 1 = w, -10 = -4*w + 2*j. Suppose -4*t - w*b - 4 = 0, -4*b - 7 = 3*t - 0*b. List the prime factors of t.
3
Suppose -3*d = -0*d - 4*g + 8, -5*d - g = -25. Suppose -5*z - d*b + 67 = 0, -3*z + 50 = z + 5*b. List the prime factors of z.
3, 5
Let i(c) = -7*c - 3*c + 6 + 0*c + 2*c**2. Let t be i(6). Let l = t + -11. List the prime factors of l.
7
Let n = -5 - -2. Let l(p) = -3 + 0 - 7*p + 3*p - 3*p**2 - p**3. What are the prime factors of l(n)?
3
Suppose -10 = -3*f + f. Suppose -f*x + 0*x = -30. Let g = -3 + x. List the prime factors of g.
3
Suppose 5*a - 72 + 7 = 0. Let u = -8 + a. What are the prime factors of u?
5
Suppose -5*m = i - 24, 2*i - 6*m = -2*m - 8. Let l(y) = 6 + i*y + 4*y - 2*y - y**2. What are the prime factors of l(5)?
11
Suppose 2 = 2*l - 8. Suppose 0 = -4*b + l*z + 22 + 11, 3*b = 2*z + 23. List the prime factors of b.
7
Suppose 2*c + 3*l = 69, -9 = 3*l - 0*l. List the prime factors of c.
3, 13
Let m(x) be the second derivative of x**5/20 - x**4/12 + x**3/6 + 5*x**2/2 - 7*x. Let n be (-2 - -2)*2/(-4). What are the prime factors of m(n)?
5
Let o = 7 + 49. List the prime factors of o.
2, 7
Suppose 0*i - 5*c = -2*i - 43, i + 2*c = -8. What are the prime factors of (12/(-14))/(3/i)?
2
Let v be (-538)/(-12) + (-6)/(-36). Suppose 2*g + g = v. List the prime factors of g.
3, 5
What are the prime factors of (0/1)/(-1) + 100?
2, 5
Let x(t) = 3 + 5*t + t**2 - 1 - 4*t. What are the prime factors of x(0)?
2
Suppose -4*w = -0 - 4. Suppose -x + w = -8. List the prime factors of x.
3
Let s = -2 + 12. Let a = s + -6. What are the prime factors of a?
2
Let d(c) = 9*c**2 - 5*c - 7. List the prime factors of d(4).
3, 13
Let v(j) be the third derivative of -j**5/60 - j**4/8 + j**3/2 - 3*j**2. Let s be v(-5). Let i = 8 - s. What are the prime factors of i?
3, 5
Suppose -3*b - 8 = -5*b. Suppose c = -b*i + 43, -5*i + 5*c = -42 - 18. List the prime factors of i.
11
List the prime factors of (-7)/(-35) + (-128)/(-10).
13
Suppose -2*f - x = -2*x + 2, 0 = -5*f + 2*x - 4. What are the prime factors of (f - -9)/(-3 - -4)?
3
Let l(k) = k**2 + 5*k - 3. Suppose 0*j - 2*s - 15 = j, -j = -5*s - 13. List the prime factors of l(j).
11
List the prime factors of (2/4)/(2/12).
3
Suppose -2*a + 50 = 3*a. List the prime factors of a*3/(-6)*-1.
5
Suppose -9 = -5*c + 6. Suppose 0*s - 57 = -c*s. What are the prime factors of s?
19
Suppose 2*b - 348 = -b. Suppose -b = -4*o + 68. Suppose 5*d - o = d - 3*f, 2*f + 16 = 2*d. List the prime factors of d.
2, 5
Let d = -13 - -25. List the prime factors of d.
2, 3
Let j = -17 - -20. Suppose 2*a + j*a = 140. What are the prime factors of a?
2, 7
Let p = -9 - -12. What are the prime factors of -10*p/((-60)/56)?
2, 7
Suppose 0 = -o + 1, 13 + 15 = 5*n - 2*o. Let w(a) = a**3 - 3*a**2 - 2*a + 3. Let i be w(4). Let k = i - n. What are the prime factors of k?
5
List the prime factors of (9 - 10)/(1 - (-96)/(-94)).
47
Let t be (-2)/12 - 5/6. Let o(u) = -18 - 8*u + 18. List the prime factors of o(t).
2
Suppose -2*h - 2 = -2*u, -2*u - 3 - 19 = 4*h. Suppose 11 - 3 = l. Let r = l + h. What are the prime factors of r?
2
Let y(b) = 4*b**2 + 1. Le